32).
-165
Let p(f) = -3*f**2 + 17. What is p(3)?
-10
Let k(s) = 43*s**2 + 208*s - 10. Determine k(-5).
25
Let x(n) = 62*n + 902. Give x(-14).
34
Let p(j) = -j**2 - 66*j - 241. Determine p(-4).
7
Let t(y) = y**3 - 51*y**2 + 48*y + 95. Give t(50).
-5
Let k(w) = w**2 - 2*w + 16. Calculate k(-6).
64
Let z(s) = s**3 - 11*s**2 - 35*s + 439. Calculate z(7).
-2
Let z(k) = -9*k + 225. Give z(17).
72
Let n(r) = 9*r**3 - 7*r + 4. What is n(3)?
226
Let o(p) = p**3 + 237*p**2 - 1238*p - 6772. What is o(-242)?
4
Let k(x) = -x**2 + 30*x - 75. What is k(24)?
69
Let q(d) = -9*d**3 + 26*d**2 + 21*d - 57. What is q(3)?
-3
Let s(p) = -p**3 - 19*p**2 - 48*p + 22. Give s(-16).
22
Let x(f) = 106*f + 2716. Calculate x(-26).
-40
Let s(m) = -2*m**3 - 30*m**2 + 9*m + 122. Give s(-15).
-13
Let l(t) = t**2 - 163*t + 483. Calculate l(160).
3
Let m(p) = p**3 - 45*p**2 - 80*p - 655. What is m(47)?
3
Let l(n) = -n**3 - 21*n**2 - 18*n + 63. What is l(-20)?
23
Let s(m) = 2*m**2 + 84*m + 179. What is s(-40)?
19
Let o(c) = -104*c - 199. Give o(-2).
9
Let q(s) = -202*s - 2620. Calculate q(-13).
6
Let s(h) = -23*h - 615. Calculate s(-41).
328
Let m(n) = -n**2 - 371*n - 3827. Determine m(-11).
133
Let w(l) = 8*l**2 + 2155*l + 8488. Give w(-4).
-4
Let s(z) = -2*z**3 + 27*z**2 + 6*z + 2. Calculate s(13).
249
Let w(c) = -150*c + 4281. Give w(28).
81
Let n(m) = m**2 - 17*m - 89. What is n(16)?
-105
Let o(x) = -4982*x + 9938. Calculate o(2).
-26
Let d(v) = -3*v**2 + 22*v + 3. What is d(6)?
27
Let s(p) = -p**3 + 16*p**2 - 43*p - 26. What is s(13)?
-78
Let a(c) = 141*c + 27913. Give a(-198).
-5
Let k(l) = -565*l + 3951. Determine k(7).
-4
Let v(h) = 2*h**2 + 82*h + 15. Determine v(0).
15
Let y(s) = -19*s - 1263. Determine y(-67).
10
Let w(x) = 4561*x + 4556. Give w(-1).
-5
Let v(x) = -7*x**3 + 3*x**2 + 6*x - 39. Calculate v(4).
-415
Let s(z) = 2*z**3 + 123*z**2 + 54*z - 428. Give s(-61).
-1
Let g(m) = -120*m - 848. What is g(-7)?
-8
Let k(u) = -5*u - 426. Give k(-79).
-31
Let k(b) = 6*b**2 - 8*b - 11. Calculate k(3).
19
Let a(b) = 12*b**3 + 152*b**2 + 394*b - 11. Determine a(-9).
7
Let n(m) = -m - 120. Determine n(-18).
-102
Let m(v) = v**2 + 132*v - 3019. Give m(20).
21
Let o(w) = w**3 - 17*w**2 - 28*w + 142. What is o(19)?
332
Let p(i) = -1409*i - 5688. Determine p(-4).
-52
Let y(v) = -35*v**2 - 280*v + 7. Determine y(-8).
7
Let g(q) = -3*q**2 - 167*q - 109. What is g(-55)?
1
Let n(s) = -5*s**2 + 56*s + 235. Calculate n(-7).
-402
Let a(j) = -j**3 - 11*j**2 + 3*j - 27. Determine a(-11).
-60
Let i(j) = 110*j + 12423. What is i(-113)?
-7
Let u(o) = -26*o + 599. Calculate u(23).
1
Let w(j) = -j**2 + 507*j - 17378. Give w(37).
12
Let o(b) = -111*b - 751. Determine o(-6).
-85
Let d(j) = 67*j - 668. What is d(10)?
2
Let m(z) = 5*z**3 - 18*z**2 - 45*z - 13. What is m(7)?
505
Let v(p) = p**2 - 25*p + 66. Give v(21).
-18
Let j(t) = t**3 + 12*t**2 + 34*t + 258. What is j(-11)?
5
Let x(y) = 559*y + 25699. What is x(-46)?
-15
Let y(l) = 104*l - 1360. What is y(13)?
-8
Let n(q) = 130*q - 11324. Give n(87).
-14
Let a(u) = -19*u**2 - 176*u - 300. Give a(-7).
1
Let j(w) = w**2 + 9*w + 21. Give j(4).
73
Let f(j) = j**3 + 205*j**2 + 3516*j - 338. Calculate f(-19).
4
Let c(r) = 765*r - 7688. What is c(10)?
-38
Let v(y) = -y**3 - 13*y**2 + 18*y + 7. Determine v(4).
-193
Let s(l) = 5*l**3 + 50*l**2 + 61*l + 143. Determine s(-9).
-1
Let z(i) = -29*i + 700. Determine z(29).
-141
Let d(x) = 611*x + 4300. Give d(-7).
23
Let l(c) = -c**2 + 5*c + 105. Determine l(-9).
-21
Let n(w) = w**3 + 18*w**2 - 138*w + 144. Calculate n(-24).
0
Let m(y) = -135*y - 2330. Calculate m(-16).
-170
Let c(m) = -m**2 + 10*m - 26. Calculate c(19).
-197
Let t(n) = -714*n + 4297. What is t(6)?
13
Let p(k) = 2*k**3 + 35*k**2 + 19*k + 5. Determine p(-17).
-29
Let o(c) = c**2 - 82*c - 227. Give o(85).
28
Let m(z) = z**2 - 15*z + 26. Determine m(-14).
432
Let b(w) = 7157*w + 14306. Give b(-2).
-8
Let h(r) = -r**3 + 16*r**2 - 52*r - 27. Give h(11).
6
Let v(c) = -c**2 - 37*c + 624. Determine v(12).
36
Let l(z) = -10*z**3 + 548*z**2 + 109*z + 79. Give l(55).
24
Let n(q) = q**2 - 6*q - 21. What is n(8)?
-5
Let c(q) = -q**2 - 123*q - 2001. What is c(-103)?
59
Let y(p) = -127*p + 648. Determine y(5).
13
Let l(m) = -140*m**2 + 6*m + 10. What is l(2)?
-538
Let p(c) = 693*c + 1142. What is p(-3)?
-937
Let y(q) = 2*q**2 - 21*q - 3430. Calculate y(47).
1
Let j(f) = f**2 + 49*f + 210. What is j(-44)?
-10
Let z(q) = -q**3 + 5*q - 9. What is z(-4)?
35
Let k(x) = x**3 - 26*x**2 + 29*x - 43. What is k(25)?
57
Let w(k) = -18603*k - 55807. Calculate w(-3).
2
Let l(r) = 57*r**3 + 17*r**2 + 21*r + 3. Determine l(-1).
-58
Let s(n) = 1717*n - 6865. Determine s(4).
3
Let a(c) = c**2 - c + 15. What is a(4)?
27
Let r(c) = -2*c**2 - 93*c + 773. Calculate r(8).
-99
Let g(h) = -h**3 - 69*h**2 + 154*h + 362. Give g(-71).
-490
Let j(h) = -h**3 - 57*h**2 + 243*h - 54. Determine j(-61).
7
Let m(n) = 1774*n - 67413. Give m(38).
-1
Let w(l) = 29*l + 2035. Determine w(-68).
63
Let m(i) = 14458*i - 115660. Determine m(8).
4
Let s(n) = -1872*n + 5631. Give s(3).
15
Let v(j) = j**2 - 50*j - 818. What is v(-13)?
1
Let c(l) = -23*l**2 + l + 89. Calculate c(2).
-1
Let b(i) = i**2 + 101*i + 1658. What is b(-83)?
164
Let g(c) = -5*c**2 - 1850*c - 28326. Determine g(-354).
-6
Let m(h) = 4*h**2 + 25*h + 13. Calculate m(-6).
7
Let f(c) = 5*c**3 - 28*c**2 + 89*c + 24. Determine f(6).
630
Let h(d) = 14*d**3 - d. Calculate h(-1).
-13
Let i(l) = -l**2 + 2*l + 43. Determine i(-10).
-77
Let b(q) = -17*q**3 + 104*q**2 - 10*q - 9. Determine b(6).
3
Let h(a) = -129*a - 773. What is h(-6)?
1
Let z(y) = -103*y + 1841. Calculate z(18).
-13
Let y(d) = -2*d**3 - 15*d**2 - 163*d - 1063. Give y(-7).
29
Let j(r) = -3313*r - 122591. What is j(-37)?
-10
Let g(a) = a**3 - 10*a**2 - 30*a + 92. What is g(8)?
-276
Let v(i) = -2*i**3 - 13*i**2 + 98*i + 243. Give v(-2).
11
Let n(l) = l**3 - 15*l**2 + 38*l + 28. Determine n(4).
4
Let l(z) = -2*z**2 - 48*z + 587. Give l(-33).
-7
Let o(v) = -4*v**2 + 15*v + 234. Calculate o(-6).
0
Let h(b) = 22*b + 1367. What is h(-63)?
-19
Let v(f) = 2*f**2 - 31*f - 388. Determine v(24).
20
Let u(x) = -7*x + 807. What is u(133)?
-124
Let o(b) = b**3 - 53*b**2 - 230*b + 142. Calculate o(57).
28
Let v(i) = 21*i - 169. What is v(8)?
-1
Let o(h) = -26*h - 1345. Determine o(-58).
163
Let m(v) = -2*v**3 + 45*v**2 - 71*v + 165. Determine m(21).
-3
Let v(t) = -t**3 - 5*t**2 - 4*t - 6. What is v(-4)?
-6
Let i(z) = -2*z**2 - 133*z - 1363. What is i(-54)?
-13
Let x(y) = 2*y**2 - 42*y + 194. Calculate x(16).
34
Let s(g) = 925*g - 14802. Determine s(16).
-2
Let u(r) = r**3 + 12*r**2 + 78*r + 1460. What is u(-14)?
-24
Let f(k) = 85*k - 2900. What is f(34)?
-10
Let b(t) = 3*t**2 + 521*t - 520. Give b(1).
4
Let s(d) = -4*d**2 + 79*d - 102. Calculate s(19).
-45
Let h(g) = 74*g**2. Calculate h(-1).
74
Let j(u) = -u**3 + 10*u**2 - 11*u + 2. What is j(8)?
42
Let z(v) = -115*v - 14. Calculate z(-1).
101
Let u(d) = -77*d + 246. Calculate u(3).
15
Let f(i) = -3*i**2 - 52*i + 110. What is f(2)?
-6
Let l(i) = 22*i - 305. Determine l(15).
25
Let q(b) = -200*b + 3593. Calculate q(18).
-7
Let u(y) = -y**2 - 63*y - 291. Determine u(-58).
-1
Let j(m) = 12*m**2 - 96*m - 247. Calculate j(10).
-7
Let p(h) = h**3 - 36*h**2 - 63*h - 561. Give p(38).
-67
Let i(b) = -b**2 - 110*b + 1139. Determine i(-120).
-61
Let u(s) = -156*s + 781. Determine u(5).
1
Let b(n) = -n**3 - 144*n**2 + 753*n + 1117. Give b(-149).
-75
Let g(v) = 2*v**3 - 152*v**2 - 162*v + 612. Give g(77).
-4
Let q(v) = -v**3 - 61*v**2 + 558*v + 289. What is q(-69)?
-125
Let r(m) = -990*m - 44544. Determine r(-45).
6
Let j(p) = p**2 - 5*p - 49. Calculate j(10).
1
Let k(n) = -2*n**2 - 103*n - 692. Calculate k(-8).
4
Let b(s) = 9*s - 459. Determine b(47).
-36
Let n(v) = 52*v + 138. Calculate n(0).
138
Let k(v) = -v**3 - 144*v**2 + 1547*v - 31. Give k(10).
39
Let w(b) = 47*b + 48. Give w(0).
48
Let s(w) = -3*w**3 + 40*w**2 + 191*w - 61. What is s(17)?
7
Let o(h) = h**3 - 4*h**2 + 28*h - 227. Give o(5).
-62
Let q(n) = -15*n + 163. Determine q(15).
-62
Let b(x) = -115*x - 1716. What is b(-15)?
9
Let m(l) = -8*l**2 - 95*l - 18. Give m(-11).
59
Let j(v) = 10*v**2 - 172*v - 319. Determine j(19).
23
Let q(r) = 2*r**3 + 76*r**2 - 10*r - 417. What is q(-38)?
-3